*w + 0 = -21. What is the remainder when w is divided by 3?
1
Let f(d) = d**2 + d + 1. Let x be f(0). Suppose 4*n = -2*s - x + 15, 0 = -4*n + 2*s + 26. Calculate the remainder when 14 is divided by n.
4
Suppose -4*o + o = -5*t + 15, 0 = -2*o. Calculate the remainder when 6/t - (-75 + -1) is divided by 20.
18
Let u = -16 + 29. Suppose -p - 3*p - o = -77, -u = -p + o. Calculate the remainder when 52 is divided by p.
16
Let a = -94 + 199. Calculate the remainder when a is divided by 36.
33
Calculate the remainder when 27 + 1/((-2)/6) + 1 is divided by 9.
7
Let s(o) = 2*o. Let p be s(11). Let v = p + 5. What is the remainder when v is divided by 15?
12
Let w be -2*(-3)/3*-9. Let g(u) = u**3 + 18*u**2 - 2*u - 6. Calculate the remainder when 87 is divided by g(w).
27
Suppose -2*y + 72 = 5*o, 4*y = -0*o + 3*o + 196. Let a = y + -14. What is the remainder when a is divided by 11?
10
Suppose -3*u + 10 = -5. Suppose -3*x - 3*g = -12, g + 32 = 4*x - x. Suppose -2*j - 3*a = -7*j + 19, 0 = -3*a - x. What is the remainder when u is divided by j?
1
Let h = -61 + 111. Calculate the remainder when h is divided by 17.
16
Calculate the remainder when ((-7)/(-4))/(-2*2/(-96)) is divided by 8.
2
Suppose 5 = 4*c - 3*c. Let y = 422 - 413. Calculate the remainder when y is divided by c.
4
Let b = -23 - -34. Suppose 5*r + 113 = 10*r - 4*g, -2*r = -2*g - 46. Calculate the remainder when r is divided by b.
10
Let z(m) = m**3 - 7*m**2 + m - 1. Let w be z(7). Let c be (-1 - 2) + 18/w. Let v = c + 11. What is the remainder when v is divided by 4?
3
Suppose 0 = -c + 3*c - 10. Suppose -c*a = -25 - 10. Calculate the remainder when 20 is divided by a.
6
Suppose 5*i = 2*u + 13, 2*i + 4 = 3*u + 7. Let x be 1*84/(12/3). Let v = x - 10. What is the remainder when v is divided by i?
2
What is the remainder when 1 + 185/2 - 1/(-2) is divided by 14?
10
Let g(t) = -t**2 - 18*t - 16. Calculate the remainder when 143 is divided by g(-16).
15
Let h(x) = x**3 + 3*x**2 - 11*x - 6. Calculate the remainder when h(-4) is divided by 12.
10
Suppose -45 = -4*x - 5*o, -5*x = -5*o - 38 - 7. Calculate the remainder when 14/(-35) - -96*2/5 is divided by x.
8
Let t = -16 + 27. Suppose 0 = -3*u + 7 + 56. Calculate the remainder when u is divided by t.
10
Suppose -2*h + 3*d = -16, 3 = -h - d + 1. Calculate the remainder when 19 is divided by 9 - ((h - 4) + 0).
8
Suppose 18*o - 130 = 13*o. Let z(j) = -6*j - 4. What is the remainder when o is divided by z(-3)?
12
Let g = -9 - -31. What is the remainder when 43 is divided by g?
21
Suppose 0 = 42*a - 46*a + 632. Calculate the remainder when a is divided by 53.
52
Suppose c - 3 = -j, -4*c = j - 5*j + 12. Let t(g) = -g + 7. Calculate the remainder when t(c) is divided by 2.
1
Let j = 108 + -65. Let d(i) = -12*i - 4. Let p be d(-4). Suppose 3*y + 11 = p. Calculate the remainder when j is divided by y.
10
Suppose 2*z = -2*z + 136. Suppose -z = -f - f. Calculate the remainder when f is divided by 10.
7
What is the remainder when (-13 + (-492)/(-36))/(2/183) is divided by 17 + 0 + (-3 - -2)?
13
Let i(n) = -n**3 + 2*n**2 + 2*n - 1. Let w be i(2). Let h(s) = -s**3 + 5*s**2 + 9*s - 3. Calculate the remainder when h(6) is divided by (42/2)/w - -1.
7
Let x(k) = 194*k**3 + k**2 + k - 1. Let m be x(1). Let h = m - 117. Suppose 4*t - h = -3*o - 21, 3*o - 72 = -5*t. What is the remainder when 43 is divided by t?
13
Suppose -531 - 99 = -6*k. What is the remainder when k is divided by 29?
18
Suppose 5*s - 93 = 2*m, 39 = 2*s - 0*m + m. Calculate the remainder when 33 - 8*4/(-8) is divided by s.
18
Let p = -10 - -39. Let a = p + -18. Let i(k) = k**2 + 32. Calculate the remainder when i(0) is divided by a.
10
Let t(x) = 2*x + 4. Suppose 4*y - 63 = -u, 0 = -5*u + 4*y + 253 + 14. Calculate the remainder when u is divided by t(5).
13
Let f(z) = z + 47. What is the remainder when f(18) is divided by 10?
5
Suppose -p + 5*p - 41 = -k, -4*k + 65 = 5*p. Calculate the remainder when 16 is divided by p.
7
Suppose -8*u + 11*u - t = 19, 0 = 2*u - 2*t - 18. What is the remainder when 19 is divided by u?
4
Suppose -5*b + 2*b - 30 = 0. Let i be (1 + 0)/((-2)/84). Calculate the remainder when 3/(-15) + i/b is divided by 2.
0
Let x = 131 - 121. What is the remainder when 87 is divided by x?
7
Let c = -9 - -13. Let p(r) = r**3 - 3*r**2 - 2*r + 3. Let f(o) = o**2 - 5. Calculate the remainder when f(5) is divided by p(c).
9
Let w = -3 + 2. Suppose 0 = 2*y - 59 + 17. Calculate the remainder when y is divided by 1*33/(w - -4).
10
Let s(h) = -h**3 + 7*h**2 - 2*h + 1. Suppose -2*b + 8 = -6. Suppose -23 = 4*t - b*t + 2*l, 0 = -t - 4*l + 17. What is the remainder when s(6) is divided by t?
7
Let c(h) = -h**3 - 4*h**2 + 4*h - 2. Let l be c(-5). Suppose 0 = -l*o + 23 + 16. What is the remainder when o is divided by 7?
6
Suppose 4*d + 6 = 18. Let v(c) = 4*c**2 + 1. What is the remainder when v(d) is divided by 13?
11
Let g(c) = 7*c**2 - c + 4. Calculate the remainder when g(3) is divided by 17.
13
Calculate the remainder when 24 + 3 + 0 + -5 is divided by 8.
6
Suppose -4*d = -d - 21. Let k = 45 + -25. Calculate the remainder when k is divided by d.
6
What is the remainder when -5*((-13)/5 - -2) is divided by -1 - (-3 + 5 + -5)?
1
Let a(d) = -4*d**3 - 3*d**2 + 1. Let g(m) = m + 4. Let q be g(-6). What is the remainder when 60 is divided by a(q)?
18
Suppose -3*b = 3*r - 129, -2*r - 23 = 4*b - 109. Calculate the remainder when r is divided by 11.
10
Let n(g) = -2*g**2 + 2*g**2 + g**2. Let y be n(0). Suppose -4*d + 14 = 4*x - 114, 3*d - 5*x - 112 = y. What is the remainder when d is divided by 12?
10
Let k = 179 + -135. Let q(p) = -3*p. Let m(i) = -i + 1. Let h(w) = 5*m(w) - q(w). Calculate the remainder when k is divided by h(-5).
14
Let i(v) = -2 - v - 2 - 2*v + 0. Let q be (0 - -1) + (-7 - 0). Calculate the remainder when 27 is divided by i(q).
13
Let v(a) = -6*a - 4. Let u(q) = 6*q + 5. Let n(m) = 2*u(m) + 3*v(m). Let b = 16 + -4. Calculate the remainder when n(-6) is divided by b.
10
Suppose 7*n - 2*n = 0. Suppose 3*p + 0*p - 33 = n. What is the remainder when (-1)/((-84)/(-86) - 1) is divided by p?
10
Let y(l) = -8*l. Let x be y(1). Let b(z) = z**2 + 7*z + 11. Calculate the remainder when b(x) is divided by 7.
5
Suppose 0*k + 44 = 11*k. Suppose -z = -4*o - 26 + 2, -4 = z. Calculate the remainder when -1 - o - (0 + 0) is divided by k.
2
Let x(u) = -18*u + 16. What is the remainder when x(-4) is divided by 18?
16
Suppose j + 1 = 2. Let f = 3 + -2. Let m = f + 0. Calculate the remainder when m is divided by j.
0
Let v = 55 - 37. What is the remainder when 53 is divided by v?
17
Suppose 0 = 3*h - 3*k + 2 + 13, h = -4*k - 25. Let a = 107 + h. Calculate the remainder when a/(-4)*(-2 + 0) is divided by 13.
10
Suppose r + y - 6 = 0, 7*r - 6*r + 2*y = 8. Suppose 0 = -3*h + r*h - 6. Calculate the remainder when 46 is divided by (-2)/h + 98/6.
14
Suppose -3*l = -2*h - 15 + 40, 4*l + 56 = 4*h. Let v be 1/(-2) - (-57)/6. Let a = -3 + v. Calculate the remainder when h is divided by a.
5
Suppose 3*n - z + 4*z = 45, 3*n - z = 57. Let c(i) = i**2 + 8*i - 2. Calculate the remainder when n is divided by c(-9).
4
Suppose -2*b = b. What is the remainder when 6 is divided by 6*1 + -4 + b?
0
Let x(r) = r**2 - 4*r - 8. Calculate the remainder when 35 is divided by x(-3).
9
Let s = -15 + -9. Suppose 3*x = 7*x - 8, x = 3*o + 107. Let f = s - o. What is the remainder when 31 is divided by f?
9
Let p(w) = -7*w**3 + 0*w**2 + 3*w - 4 - 3*w**2 + 9*w**3 - 6*w. Calculate the remainder when p(3) is divided by (-1)/(-2)*(9 - -1).
4
Let m(u) = -3*u + 2. Calculate the remainder when 25 - (-5 - (-1 + -2)) is divided by m(-4).
13
Suppose -10*i = -6*i + 3*f - 104, -f + 26 = i. Calculate the remainder when 69 is divided by i.
17
Suppose -8 = c - 3*c. Let d = c + -2. What is the remainder when 4 is divided by d?
0
Let m(a) = 11*a. Let y be m(1). Suppose y = 3*u + s, -5*u = -0*u + 2*s - 18. Calculate the remainder when 10 is divided by u.
2
Let i = 22 + -3. What is the remainder when 35 is divided by i?
16
Let f(t) = t + t - 3*t + 1. What is the remainder when f(-1) is divided by 0 - 4/6*-3?
0
Suppose 14 = 6*y - 5*y. Calculate the remainder when 2/8 + -5 + (-705)/(-12) is divided by y.
12
Let s(b) = 2*b - 4. Let g be s(4). Suppose u - 9 = 